tor of a and o.
2
Let d = -1 + 0. Let y be (3 + d)/(2/32). Suppose 0 = -2*s + 4*t, s + 111*t - 109*t - 8 = 0. What is the greatest common divisor of y and s?
4
Suppose 5*f + 139 = 299. Calculate the greatest common divisor of f and 64.
32
Let d = -185 - -368. Calculate the greatest common factor of d and 244.
61
Let j be 135/20 - 3 - (-6)/(-8). Let c be j/(-9) + 0 + (-50)/(-6). What is the highest common divisor of c and 16?
8
Let n(i) = -5*i**3 + 4*i**3 + i + i**2 - 2*i + 24. Let t be (0 + 0)/(2 + -4). Let j be n(t). Calculate the highest common factor of j and 12.
12
Suppose -73*q + 722 + 154 = 0. What is the highest common factor of q and 96?
12
Let i(s) = s**3 - 11*s**2 + 11*s + 1. Suppose 15*o - 17*o + 20 = 0. Let n be i(o). Calculate the highest common divisor of n and 77.
11
Let l be -5 + 6 + 3 - (-58 - 4). Let v(f) = f**2 + f + 2. Let c be v(-3). Let z = 14 - c. Calculate the greatest common factor of z and l.
6
Let v(f) = f**3 - 9*f**2 + 30*f + 16. Let c be v(6). What is the greatest common factor of c and 32?
8
Suppose -20 = -2*s - 3*s. Suppose 14*t = 10*t + 80. What is the highest common divisor of t and s?
4
Let l = -351 - -355. What is the greatest common divisor of 6 and l?
2
Let i(u) = 5*u**2 + 6*u + 11. Suppose 7*x - 8 = 5*x. Let f be i(x). Calculate the highest common factor of 23 and f.
23
Let p be (0 - 1)/(2/22). Let q(t) = -t + 12. Let x be q(p). Suppose -2*o = -x + 5. What is the greatest common divisor of o and 27?
9
Let v be 329194/114 - (-5)/(-3). Calculate the highest common divisor of 78 and v.
78
Let c = -109 + 181. Suppose -3*g = 3*g - c. What is the highest common divisor of 24 and g?
12
Let x = 3106 + -3076. Suppose -u + 0*u = -15. Calculate the greatest common divisor of u and x.
15
Suppose 4*c - 2*w - 232 = 0, -236 = -16*c + 12*c + 4*w. Calculate the greatest common factor of 133 and c.
19
Let v(m) = 24*m**2 + m + 5. Suppose -3*x + 9 = -3, 0 = -3*q - 2*x + 17. Let s be v(q). Calculate the greatest common factor of 28 and s.
28
Let z = 19 + -1. Let a(f) = 7*f**3 - 2*f**2 + f. Let j be a(1). Let v = j - 0. Calculate the greatest common factor of v and z.
6
Let x(n) = -n**3 + 6*n**2 + 6. Let p = -26 - -14. Let l be (-16)/p*18/4. Let t be x(l). Calculate the greatest common divisor of 12 and t.
6
Suppose -8*z = -226 - 446. What is the greatest common factor of 532 and z?
28
Let s(p) = -p**3 - p + 12. Let q be s(0). Suppose 0 = 3*n + 6, -t + 3*t + n = 170. Let j = 92 - t. Calculate the highest common divisor of j and q.
6
Let u = 34 + -26. Let a(y) = -15*y + 1. Let s be a(-1). Calculate the highest common factor of u and s.
8
Let l(x) = 2*x - 10. Let f be l(5). Let b be (f + (-10)/4)*-70. Suppose -140 = -3*m + b. Calculate the highest common factor of m and 15.
15
Suppose 8*k - 31 = 281. Suppose -484 = -4*a + 2*u, -a + 82 + k = -2*u. Calculate the greatest common divisor of a and 11.
11
Let l(k) = k**2 + 19*k + 22. Let v be l(-18). Calculate the highest common factor of 28 and v.
4
Suppose s = -2*s + 213. Suppose 2*t - 2*p + s - 219 = 0, -5*t + p = -362. Calculate the greatest common factor of t and 8.
8
Let j be (-700)/(-84) + 3/(-9). What is the highest common factor of j and 512?
8
Let l(x) = x**2 + 18. Let y = -8 - -10. Suppose 3*d - 41 = -y. Let c be l(d). Calculate the greatest common divisor of c and 17.
17
Let w be (2/2 - 2) + 21. Suppose 5*c + 3*v + 1319 = c, -5*v + 1311 = -4*c. Let u be (-1)/(-6) + (c/6)/(-7). What is the greatest common factor of u and w?
4
Let r(g) be the third derivative of 7*g**4/6 - g**3/2 + 5*g**2. Let t be r(1). Calculate the highest common divisor of 50 and t.
25
Let l = -207 + 1186. Calculate the greatest common factor of l and 11.
11
Let r(o) = o**3 + 58*o**2 - 3*o - 74. Let s be r(-58). Calculate the greatest common factor of s and 20.
20
Let h(t) = -t**2 - 50*t + 54. Let m be h(-27). What is the highest common divisor of 25 and m?
25
Let t be (-4 - (1 + -2))*-1. Suppose -2*l + 4 = -l + 3*a, -t*l + 4 = a. Let u be l/2 - 6/(-12). What is the greatest common divisor of u and 5?
1
Let z(h) = h**3 - 24*h**2 - 45*h - 137. Let n be z(26). What is the highest common divisor of n and 9?
9
Suppose -37*u - 6 = -39*u. Calculate the highest common divisor of 2 and u.
1
Let h(d) = -2*d + 9. Let g be h(-8). Let l(v) = 2*v - 36. Let m be l(g). What is the greatest common factor of 42 and m?
14
Suppose 5*o = 13*f - 11*f + 2755, -4*o - 4*f = -2204. Calculate the greatest common divisor of 19 and o.
19
Let m = 866 + -796. Calculate the greatest common factor of m and 14.
14
Suppose -109 - 121 + 30 = -8*a. Let q be 1 + 0 + 29*6. Let m be q + (-1)/(-1) + -1. What is the greatest common divisor of a and m?
25
Let d = -380 - -492. Suppose -70 = -10*t + 5*t. Calculate the greatest common divisor of t and d.
14
Suppose x + 3*v = 78, 5*x - 210 = 2*v + 197. What is the greatest common factor of x and 3?
3
Let h be (-1)/2 + 6/(-12). Let j be (h/2)/(5/(-30)). Let f be 61/3 - 1/((-18)/12). What is the greatest common divisor of j and f?
3
Let p = 7 - 15. Let x = 19 + p. What is the greatest common factor of x and 88?
11
Let p be (2/(-4))/(5/(-410)). Let i = 57 - 83. Let t = i + p. What is the highest common divisor of t and 3?
3
Let v(p) = p + 9. Let u be v(9). Let r = 11 - 8. Suppose 4*d - 5*o = 9, r*d = -2*o - 3*o + 33. What is the greatest common factor of d and u?
6
Suppose -12*s + 13*s - 387 = -m, s - 2*m = 396. What is the greatest common factor of s and 30?
30
Suppose 4 = s - 0*s. Let y be ((-94)/(-10))/(s/20). Let v = y + -27. What is the greatest common divisor of 2 and v?
2
Let a be 0*(1/10 + (-28)/(-70)). Suppose a = -5*t - 17 + 22. What is the highest common divisor of 16 and t?
1
Let f be ((-27)/12 - 2/(-8))/2. Let l = f + 34. What is the highest common factor of 264 and l?
33
Let j be ((-18)/3)/(12/16). Let z be (-60)/j + (-3)/12*2. Calculate the greatest common divisor of 14 and z.
7
Let w(c) = 13*c + 1. Let x(i) = 14*i + 1. Let s(l) = -6*w(l) + 7*x(l). Let j be s(1). Calculate the highest common divisor of j and 3.
3
Let g(z) = -z**3 - z**2 - 6*z - 6. Let i be g(-2). What is the greatest common divisor of 40 and i?
10
Let p be (-598)/16*(-17 + 9). What is the greatest common divisor of 23 and p?
23
Let j = -2467 - -2617. What is the greatest common divisor of 1425 and j?
75
Let t = 717 - 666. Calculate the highest common factor of 9 and t.
3
Let i = -22 + -4. Let f = -17 - i. Let t(h) = h**2 - 4*h - 5. Let x be t(-4). Calculate the greatest common factor of f and x.
9
Suppose -5*a + b + 235 = 2*b, -5 = b. Calculate the highest common factor of a and 48.
48
Suppose 1052 = 21*x - 2203. What is the highest common divisor of 403 and x?
31
Let r(h) = 7*h**2 - 2*h. Let g be r(2). Suppose -4*y - 79 = 113. Let l = y + 54. Calculate the highest common divisor of l and g.
6
Suppose -3*d + 197 = -2*q, 0 = -4*d - 3*q + 231 + 26. Let y be (5 - 133/(-7)) + 2. Calculate the greatest common factor of y and d.
13
Suppose c + 1 = -1. Let x be (10/3)/(c/(-105)). Suppose 2*n - 75 = -n. What is the greatest common divisor of n and x?
25
Suppose -2*n - 4*a = -1644, -3*n + n = -5*a - 1689. What is the greatest common divisor of 78 and n?
26
Let x(v) = 5*v**2. Let o be x(-3). Suppose 30 = 13*l - 11*l. Calculate the greatest common factor of o and l.
15
Let h = -539 + 748. Calculate the greatest common divisor of h and 19.
19
Suppose 5*r + 4*h + 136 = 8*r, -4*r = -h - 203. What is the highest common divisor of 13 and r?
13
Let t(a) = -a**3 + 3*a**2 + a - 3. Let m be t(3). Suppose m = -2*d + d + 12. Let v be (-9 + 45)*(0 - 1/(-3)). Calculate the highest common factor of v and d.
12
Suppose 3*j - a - 15 = 0, 8*j + 4*a = 6*j + 10. Let b(h) = 5*h**2 - 2*h - 1. Let z be b(2). What is the greatest common divisor of z and j?
5
Suppose 4326 = 6*a + 414. Calculate the greatest common factor of 4 and a.
4
Let p = -53 - -79. Let i(u) = 11*u - 7. Let a be i(3). What is the highest common factor of p and a?
26
Let v(a) = a**2 - 16*a + 86. Let z be v(12). What is the greatest common factor of z and 1007?
19
Let m = -58 - -82. Let y be (-9)/(-6) + (-3)/(-2). What is the highest common divisor of m and y?
3
Let r(l) = -l**3 + 46*l**2 + 11. Let a be r(46). What is the greatest common factor of a and 913?
11
Let a = 948 + -595. L